{"id":1997,"date":"2021-09-21T10:01:40","date_gmt":"2021-09-21T07:01:40","guid":{"rendered":"http:\/\/www.tp-49.fi\/?page_id=1997"},"modified":"2021-09-21T12:30:10","modified_gmt":"2021-09-21T09:30:10","slug":"liity-jaseneksi-tai-tue-toimintaamme","status":"publish","type":"page","link":"https:\/\/www.tp-49.fi\/index.php\/liity-jaseneksi-tai-tue-toimintaamme\/","title":{"rendered":"Liity j\u00e4seneksi tai tue toimintaamme"},"content":{"rendered":"<div data-colibri-id=\"1997-c1\" class=\"style-904 style-local-1997-c1 position-relative\">\n  <!---->\n  <div data-colibri-component=\"section\" data-colibri-id=\"1997-c2\" id=\"custom\" class=\"h-section h-section-global-spacing d-flex align-items-lg-center align-items-md-center align-items-center style-905 style-local-1997-c2 position-relative\">\n    <!---->\n    <!---->\n    <div class=\"h-section-grid-container h-section-boxed-container\">\n      <!---->\n      <div data-colibri-id=\"1997-c3\" class=\"h-row-container gutters-row-lg-2 gutters-row-md-2 gutters-row-0 gutters-row-v-lg-2 gutters-row-v-md-2 gutters-row-v-2 style-906 style-local-1997-c3 position-relative\">\n        <!---->\n        <div class=\"h-row justify-content-lg-center justify-content-md-center justify-content-center align-items-lg-stretch align-items-md-stretch align-items-stretch gutters-col-lg-2 gutters-col-md-2 gutters-col-0 gutters-col-v-lg-2 gutters-col-v-md-2 gutters-col-v-2\">\n          <!---->\n          <div class=\"h-column h-column-container d-flex h-col-lg-auto h-col-md-auto h-col-auto style-907-outer style-local-1997-c4-outer\">\n            <div data-colibri-id=\"1997-c4\" class=\"d-flex h-flex-basis h-column__inner h-px-lg-2 h-px-md-2 h-px-2 v-inner-lg-2 v-inner-md-2 v-inner-2 style-907 style-local-1997-c4 position-relative\">\n              <!---->\n              <!---->\n              <div class=\"w-100 h-y-container h-column__content h-column__v-align flex-basis-100 align-self-lg-start align-self-md-start align-self-start\">\n                <!---->\n                <div data-colibri-id=\"1997-c5\" class=\"h-text h-text-component style-909 style-local-1997-c5 position-relative h-element\">\n                  <!---->\n                  <!---->\n                  <div class=\"\">\n                    <p>Toijalan Pallo -49:n toiminnassa on viikoittain l\u00e4hes 400 akaalaista lasta, nuorta sek\u00e4 aikuista.<\/p>\n                    <p>T\u00e4m\u00e4n toiminnan mahdollistavat niin vapaaehtoiset toimijat kenttien laidoilla kuin kannattajaj\u00e4senet taustalla.&nbsp;<\/p>\n                    <p>\n                      <br>\n                    <\/p>\n                    <p><strong>Kannattajaj\u00e4senyys maksaa 35\u20ac \/ kalenterivuosi.&nbsp;<\/strong><\/p>\n                    <p>Kannattajaj\u00e4senyyden maksamalla saat halutessasi seuramme j\u00e4senpostia seuran ajankohtaisista asioista, nimesi tukijoiden listaan sek\u00e4 oman 1m2 nimellisen palan seuran tekonurmikent\u00e4st\u00e4*.<\/p>\n                    <p>Mik\u00e4li haluat tukea meit\u00e4 isommalla summalla tai muulla tavalla niin ole yhteydess\u00e4, keskustellaan yhdess\u00e4 mahdollisuuksista.Tervetuloa joukkoomme,Toijalan Pallo -49 johtokunta<\/p>\n                    <p>\n                      <br>\n                    <\/p>\n                    <p><span style=\"color: rgb(107, 111, 128); font-family: Oswald, sans-serif; font-size: 18px; font-weight: 400;\">*kyseess\u00e4 tukineli\u00f6, ei fyysinen pala tekonurmikent\u00e4st\u00e4<\/span><\/p>\n                  <\/div>\n                <\/div>\n              <\/div>\n            <\/div>\n          <\/div>\n          <div class=\"h-column h-column-container d-flex h-col-lg-auto h-col-md-auto h-col-auto style-908-outer style-local-1997-c6-outer\">\n            <div data-colibri-id=\"1997-c6\" class=\"d-flex h-flex-basis h-column__inner h-px-lg-2 h-px-md-2 h-px-2 v-inner-lg-2 v-inner-md-2 v-inner-2 style-908 style-local-1997-c6 position-relative\">\n              <!---->\n              <!---->\n              <div class=\"w-100 h-y-container h-column__content h-column__v-align flex-basis-100 align-self-lg-start align-self-md-start align-self-start\">\n                <!---->\n                <div data-colibri-id=\"1997-c7\" class=\"h-contact-form__outer--forminator style-911 style-local-1997-c7 position-relative h-element\">\n                  <!---->\n                  <div class=\"h-global-transition-all h-global-transition h-global-transition-all h-contact-form-shortcode\"><\/div>\n                <\/div>\n              <\/div>\n            <\/div>\n          <\/div>\n        <\/div>\n      <\/div>\n      <div data-colibri-id=\"1997-c8\" class=\"h-row-container gutters-row-lg-2 gutters-row-md-2 gutters-row-0 gutters-row-v-lg-2 gutters-row-v-md-2 gutters-row-v-2 style-918 style-local-1997-c8 position-relative\">\n        <!---->\n        <div class=\"h-row justify-content-lg-center justify-content-md-center justify-content-center align-items-lg-stretch align-items-md-stretch align-items-stretch gutters-col-lg-2 gutters-col-md-2 gutters-col-0 gutters-col-v-lg-2 gutters-col-v-md-2 gutters-col-v-2\">\n          <!---->\n          <div class=\"h-column h-column-container d-flex h-col-lg-auto h-col-md-auto h-col-auto style-919-outer style-local-1997-c9-outer\">\n            <div data-colibri-id=\"1997-c9\" class=\"d-flex h-flex-basis h-column__inner h-px-lg-2 h-px-md-2 h-px-2 v-inner-lg-2 v-inner-md-2 v-inner-2 style-919 style-local-1997-c9 position-relative\">\n              <!---->\n              <!---->\n              <div class=\"w-100 h-y-container h-column__content h-column__v-align flex-basis-100 align-self-lg-start align-self-md-start align-self-start\">\n                <!---->\n                <div data-colibri-id=\"1997-c10\" class=\"h-global-transition-all h-heading style-914 style-local-1997-c10 position-relative h-element\">\n                  <!---->\n                  <div class=\"h-heading__outer style-914 style-local-1997-c10\">\n                    <!---->\n                    <!---->\n                    <h2 class=\"\">Kannattajat ja tukijat<\/h2>\n                  <\/div>\n                <\/div>\n              <\/div>\n            <\/div>\n          <\/div>\n        <\/div>\n      <\/div>\n      <div data-colibri-id=\"1997-c11\" class=\"h-row-container gutters-row-lg-2 gutters-row-md-2 gutters-row-0 gutters-row-v-lg-2 gutters-row-v-md-2 gutters-row-v-2 style-912 style-local-1997-c11 position-relative\">\n        <!---->\n        <div class=\"h-row justify-content-lg-center justify-content-md-center justify-content-center align-items-lg-stretch align-items-md-stretch align-items-stretch gutters-col-lg-2 gutters-col-md-2 gutters-col-0 gutters-col-v-lg-2 gutters-col-v-md-2 gutters-col-v-2\">\n          <!---->\n          <div class=\"h-column h-column-container d-flex h-col-lg-auto h-col-md-auto h-col-auto style-913-outer style-local-1997-c12-outer\">\n            <div data-colibri-id=\"1997-c12\" class=\"d-flex h-flex-basis h-column__inner h-px-lg-2 h-px-md-2 h-px-2 v-inner-lg-2 v-inner-md-2 v-inner-2 style-913 style-local-1997-c12 position-relative\">\n              <!---->\n              <!---->\n              <div class=\"w-100 h-y-container h-column__content h-column__v-align flex-basis-100 align-self-lg-start align-self-md-start align-self-start\">\n                <!---->\n                <div data-colibri-id=\"1997-c13\" class=\"h-text h-text-component style-915 style-local-1997-c13 position-relative h-element\">\n                  <!---->\n                  <!---->\n                  <div class=\"\">\n                    <p><span style=\"color: rgb(107, 111, 128); font-family: Oswald, sans-serif; font-size: 18px; font-weight: 400;\">Toijalan Kone ja Kuljetus (keskiympyr\u00e4n puolikas)<\/span><\/p>\n                    <p><span style=\"color: rgb(107, 111, 128); font-family: Oswald, sans-serif; font-size: 18px; font-weight: 400;\">Matti Anttonen<\/span><\/p>\n                    <p><span style=\"color: rgb(107, 111, 128); font-family: Oswald, sans-serif; font-size: 18px; font-weight: 400;\">Jussi Virtanen<\/span><\/p>\n                    <p><span style=\"color: rgb(107, 111, 128); font-family: Oswald, sans-serif; font-size: 18px; font-weight: 400;\">Juha Pietik\u00e4inen<\/span><\/p>\n                    <p><span style=\"color: rgb(107, 111, 128); font-family: Oswald, sans-serif; font-size: 18px; font-weight: 400;\">Sari N\u00e4si<\/span><\/p>\n                    <p><span style=\"color: rgb(107, 111, 128); font-family: Oswald, sans-serif; font-size: 18px; font-weight: 400;\">Luka Torkkel<\/span><\/p>\n                    <p><span style=\"color: rgb(107, 111, 128); font-family: Oswald, sans-serif; font-size: 18px; font-weight: 400;\">Nina Leinivaara<\/span><\/p>\n                    <p><em style=\"color: rgb(107, 111, 128); font-family: Oswald, sans-serif; font-size: 18px; font-weight: 400;\">Anonyymi tukija<\/em><\/p>\n                    <p><span style=\"color: rgb(107, 111, 128); font-family: Oswald, sans-serif; font-size: 18px; font-weight: 400;\">Matti M\u00e4kel\u00e4<\/span><\/p>\n                    <p><span style=\"color: rgb(107, 111, 128); font-family: Oswald, sans-serif; font-size: 18px; font-weight: 400;\">Matti M\u00e4kel\u00e4<\/span><\/p>\n                    <p><span style=\"color: rgb(107, 111, 128); font-family: Oswald, sans-serif; font-size: 18px; font-weight: 400;\">Jarmo Pulkkinen (rangaistuspotkupiste)<\/span><\/p>\n                    <p><span style=\"color: rgb(107, 111, 128); font-family: Oswald, sans-serif; font-size: 18px; font-weight: 400;\">Johanna Ahola<\/span><\/p>\n                    <p><span style=\"color: rgb(107, 111, 128); font-family: Oswald, sans-serif; font-size: 18px; font-weight: 400;\">Tarja Laakso<\/span><\/p>\n                    <p><span style=\"color: rgb(107, 111, 128); font-family: Oswald, sans-serif; font-size: 18px; font-weight: 400;\">Juuso M\u00e4kel\u00e4<\/span><\/p>\n                    <p><span style=\"color: rgb(107, 111, 128); font-family: Oswald, sans-serif; font-size: 18px; font-weight: 400;\">Anttijussi Vikman<\/span><\/p>\n                    <p><span style=\"color: rgb(107, 111, 128); font-family: Oswald, sans-serif; font-size: 18px; font-weight: 400;\">Pekka J\u00e4rvinen<\/span><\/p>\n                    <p><span style=\"color: rgb(107, 111, 128); font-family: Oswald, sans-serif; font-size: 18px; font-weight: 400;\">Arttu Sinkkonen<\/span><\/p>\n                    <p><span style=\"color: rgb(107, 111, 128); font-family: Oswald, sans-serif; font-size: 18px; font-weight: 400;\">Valtteri Sinkkonen<\/span><\/p>\n                    <p><span style=\"color: rgb(107, 111, 128); font-family: Oswald, sans-serif; font-size: 18px; font-weight: 400;\">Severi Kivim\u00e4ki<\/span><\/p>\n                    <p><span style=\"color: rgb(107, 111, 128); font-family: Oswald, sans-serif; font-size: 18px; font-weight: 400;\">Niko Sulin<\/span><\/p>\n                    <p><span style=\"color: rgb(107, 111, 128); font-family: Oswald, sans-serif; font-size: 18px; font-weight: 400;\">P\u00e4ivi Fallstr\u00f6m<\/span><\/p>\n                    <p><span style=\"color: rgb(107, 111, 128); font-family: Oswald, sans-serif; font-size: 18px; font-weight: 400;\">Teemu Paarlahti<\/span><\/p>\n                    <p><span style=\"color: rgb(107, 111, 128); font-family: Oswald, sans-serif; font-size: 18px; font-weight: 400;\">Harri Salminen<\/span><\/p>\n                    <p><span style=\"color: rgb(107, 111, 128); font-family: Oswald, sans-serif; font-size: 18px; font-weight: 400;\">Voitto K\u00e4kiAvista-Tilit Oy (kulmalippu)<\/span><\/p>\n                    <p><span style=\"color: rgb(107, 111, 128); font-family: Oswald, sans-serif; font-size: 18px; font-weight: 400;\">Markku Hevonoja<\/span><\/p>\n                    <p><span style=\"color: rgb(107, 111, 128); font-family: Oswald, sans-serif; font-size: 18px; font-weight: 400;\">Tapio Pajuoja<\/span><\/p>\n                    <p><span style=\"color: rgb(107, 111, 128); font-family: Oswald, sans-serif; font-size: 18px; font-weight: 400;\">Hannu Lepp\u00e4l\u00e4<\/span><\/p>\n                    <p><span style=\"color: rgb(107, 111, 128); font-family: Oswald, sans-serif; font-size: 18px; font-weight: 400;\">Risto Lylykorpi<\/span><\/p>\n                    <p><span style=\"color: rgb(107, 111, 128); font-family: Oswald, sans-serif; font-size: 18px; font-weight: 400;\">Jussi Alhorinne<\/span><\/p>\n                    <p><span style=\"color: rgb(107, 111, 128); font-family: Oswald, sans-serif; font-size: 18px; font-weight: 400;\">Jarmo Malm<\/span><\/p>\n                    <p><span style=\"color: rgb(107, 111, 128); font-family: Oswald, sans-serif; font-size: 18px; font-weight: 400;\">Ari Mervel\u00e4<\/span><\/p>\n                    <p><span style=\"color: rgb(107, 111, 128); font-family: Oswald, sans-serif; font-size: 18px; font-weight: 400;\">Matti Pitko<\/span><\/p>\n                    <p><span style=\"color: rgb(107, 111, 128); font-family: Oswald, sans-serif; font-size: 18px; font-weight: 400;\">Lasse Niemi<\/span><\/p>\n                    <p><span style=\"color: rgb(107, 111, 128); font-family: Oswald, sans-serif; font-size: 18px; font-weight: 400;\">Pekka M\u00e4kinen<\/span><\/p>\n                    <p><span style=\"color: rgb(107, 111, 128); font-family: Oswald, sans-serif; font-size: 18px; font-weight: 400;\">Pekka M\u00e4kinen<\/span><\/p>\n                    <p><span style=\"color: rgb(107, 111, 128); font-family: Oswald, sans-serif; font-size: 18px; font-weight: 400;\">Rauno Mokka<\/span><\/p>\n                    <p><span style=\"color: rgb(107, 111, 128); font-family: Oswald, sans-serif; font-size: 18px; font-weight: 400;\">Juhani Peltonen<\/span><\/p>\n                    <p><span style=\"color: rgb(107, 111, 128); font-family: Oswald, sans-serif; font-size: 18px; font-weight: 400;\">Jarmo Kuusisto<\/span><\/p>\n                    <p><span style=\"color: rgb(107, 111, 128); font-family: Oswald, sans-serif; font-size: 18px; font-weight: 400;\">Pertti Valtonen<\/span><\/p>\n                    <p><span style=\"color: rgb(107, 111, 128); font-family: Oswald, sans-serif; font-size: 18px; font-weight: 400;\">Gunnar Valtonen<\/span><\/p>\n                  <\/div>\n                <\/div>\n              <\/div>\n            <\/div>\n          <\/div>\n          <div class=\"h-column h-column-container d-flex h-col-lg-auto h-col-md-auto h-col-auto style-916-outer style-local-1997-c14-outer\">\n            <div data-colibri-id=\"1997-c14\" class=\"d-flex h-flex-basis h-column__inner h-px-lg-2 h-px-md-2 h-px-2 v-inner-lg-2 v-inner-md-2 v-inner-2 style-916 style-local-1997-c14 position-relative\">\n              <!---->\n              <!---->\n              <div class=\"w-100 h-y-container h-column__content h-column__v-align flex-basis-100 align-self-lg-start align-self-md-start align-self-start\">\n                <!---->\n                <div data-colibri-id=\"1997-c15\" class=\"h-text h-text-component style-917 style-local-1997-c15 position-relative h-element\">\n                  <!---->\n                  <!---->\n                  <div class=\"\">\n                    <p><span style=\"font-weight: 400; font-size: 18px; font-family: Oswald, sans-serif; color: rgb(107, 111, 128);\">Ossi Valtonen<\/span><\/p>\n                    <p><span style=\"font-weight: 400; font-size: 18px; font-family: Oswald, sans-serif; color: rgb(107, 111, 128);\">Raimo Valtonen<\/span><\/p>\n                    <p><span style=\"font-weight: 400; font-size: 18px; font-family: Oswald, sans-serif; color: rgb(107, 111, 128);\">Reima T\u00f6rm\u00e4<\/span><\/p>\n                    <p><span style=\"font-weight: 400; font-size: 18px; font-family: Oswald, sans-serif; color: rgb(107, 111, 128);\">Jussi Hakala<\/span><\/p>\n                    <p><span style=\"font-weight: 400; font-size: 18px; font-family: Oswald, sans-serif; color: rgb(107, 111, 128);\">Tarja Humaloja<\/span><\/p>\n                    <p><span style=\"font-weight: 400; font-size: 18px; font-family: Oswald, sans-serif; color: rgb(107, 111, 128);\">Erkki V\u00e4is\u00e4nen<\/span><\/p>\n                    <p><span style=\"font-weight: 400; font-size: 18px; font-family: Oswald, sans-serif; color: rgb(107, 111, 128);\">Janne Hevonoja<\/span><\/p>\n                    <p><span style=\"font-weight: 400; font-size: 18px; font-family: Oswald, sans-serif; color: rgb(107, 111, 128);\">Juha Hevonoja<\/span><\/p>\n                    <p><span style=\"font-weight: 400; font-size: 18px; font-family: Oswald, sans-serif; color: rgb(107, 111, 128);\">Jan-Emil J\u00e4rvi<\/span><\/p>\n                    <p><span style=\"font-weight: 400; font-size: 18px; font-family: Oswald, sans-serif; color: rgb(107, 111, 128);\">Johanna Nordling<\/span><\/p>\n                    <p><span style=\"font-weight: 400; font-size: 18px; font-family: Oswald, sans-serif; color: rgb(107, 111, 128);\">Mave Lehtinen<\/span><\/p>\n                    <p><span style=\"font-weight: 400; font-size: 18px; font-family: Oswald, sans-serif; color: rgb(107, 111, 128);\">Antti ValloTmi I.Miekka Miekka (kulmalippu)<\/span><\/p>\n                    <p><span style=\"font-weight: 400; font-size: 18px; font-family: Oswald, sans-serif; color: rgb(107, 111, 128);\">Alfred ja Frans Masena<\/span><\/p>\n                    <p><em style=\"font-weight: 400; font-size: 18px; font-family: Oswald, sans-serif; color: rgb(107, 111, 128);\">Anonyymi tukija<\/em><\/p>\n                    <p><em style=\"font-weight: 400; font-size: 18px; font-family: Oswald, sans-serif; color: rgb(107, 111, 128);\">Anonyymi tukija<\/em><\/p>\n                    <p><span style=\"font-weight: 400; font-size: 18px; font-family: Oswald, sans-serif; color: rgb(107, 111, 128);\">Niko Lappalainen<\/span><\/p>\n                    <p><span style=\"font-weight: 400; font-size: 18px; font-family: Oswald, sans-serif; color: rgb(107, 111, 128);\">Nooa Lappalainen<\/span><\/p>\n                    <p><span style=\"font-weight: 400; font-size: 18px; font-family: Oswald, sans-serif; color: rgb(107, 111, 128);\">Ulla M\u00e4enp\u00e4\u00e4<\/span><\/p>\n                    <p><span style=\"font-weight: 400; font-size: 18px; font-family: Oswald, sans-serif; color: rgb(107, 111, 128);\">Mikko Koivu<\/span><\/p>\n                    <p><span style=\"font-weight: 400; font-size: 18px; font-family: Oswald, sans-serif; color: rgb(107, 111, 128);\">Sisko Kauppila<\/span><\/p>\n                    <p><span style=\"font-weight: 400; font-size: 18px; font-family: Oswald, sans-serif; color: rgb(107, 111, 128);\">Joni Lehtonen<\/span><\/p>\n                    <p><span style=\"font-weight: 400; font-size: 18px; font-family: Oswald, sans-serif; color: rgb(107, 111, 128);\">Marjut Hakala<\/span><\/p>\n                    <p><span style=\"font-weight: 400; font-size: 18px; font-family: Oswald, sans-serif; color: rgb(107, 111, 128);\">Aaron Viher\u00e4<\/span><\/p>\n                    <p><span style=\"font-weight: 400; font-size: 18px; font-family: Oswald, sans-serif; color: rgb(107, 111, 128);\">Veikko ja Ossi Sepp\u00e4nen<\/span><\/p>\n                    <p><span style=\"font-weight: 400; font-size: 18px; font-family: Oswald, sans-serif; color: rgb(107, 111, 128);\">Jukka SaariPekka Jyr\u00e4m\u00f6<\/span><\/p>\n                    <p><span style=\"font-weight: 400; font-size: 18px; font-family: Oswald, sans-serif; color: rgb(107, 111, 128);\">Niko Sepp\u00e4nen<\/span><\/p>\n                    <p><span style=\"font-weight: 400; font-size: 18px; font-family: Oswald, sans-serif; color: rgb(107, 111, 128);\">Uula Sepp\u00e4nen<\/span><\/p>\n                    <p><span style=\"font-weight: 400; font-size: 18px; font-family: Oswald, sans-serif; color: rgb(107, 111, 128);\">Niilo Sepp\u00e4nen<\/span><\/p>\n                    <p><span style=\"font-weight: 400; font-size: 18px; font-family: Oswald, sans-serif; color: rgb(107, 111, 128);\">Jenny Ahlman<\/span><\/p>\n                    <p><span style=\"font-weight: 400; font-size: 18px; font-family: Oswald, sans-serif; color: rgb(107, 111, 128);\">Valtteri Ahlman<\/span><\/p>\n                    <p><span style=\"font-weight: 400; font-size: 18px; font-family: Oswald, sans-serif; color: rgb(107, 111, 128);\">Jukka Aimolahti<\/span><\/p>\n                    <p><span style=\"font-weight: 400; font-size: 18px; font-family: Oswald, sans-serif; color: rgb(107, 111, 128);\">Heli Piirainen<\/span><\/p>\n                    <p><span style=\"font-weight: 400; font-size: 18px; font-family: Oswald, sans-serif; color: rgb(107, 111, 128);\">Tuomo Sm\u00e5tt<\/span><\/p>\n                    <p><span style=\"font-weight: 400; font-size: 18px; font-family: Oswald, sans-serif; color: rgb(107, 111, 128);\">Joonas M\u00e4kinen<\/span><\/p>\n                    <p><span style=\"font-weight: 400; font-size: 18px; font-family: Oswald, sans-serif; color: rgb(107, 111, 128);\">Risto Niemi<\/span><\/p>\n                    <p><span style=\"font-weight: 400; font-size: 18px; font-family: Oswald, sans-serif; color: rgb(107, 111, 128);\">Tuukka Kovero<\/span><\/p>\n                    <p><span style=\"font-weight: 400; font-size: 18px; font-family: Oswald, sans-serif; color: rgb(107, 111, 128);\">Akaan Seudun Osuuspankki (keskiympyr\u00e4n puolikas)<\/span><\/p>\n                    <p>\n                      <br>\n                    <\/p>\n                  <\/div>\n                <\/div>\n              <\/div>\n            <\/div>\n          <\/div>\n        <\/div>\n      <\/div>\n    <\/div>\n  <\/div>\n<\/div>","protected":false},"excerpt":{"rendered":"<p>Toijalan Pallo -49:n toiminnassa on viikoittain l\u00e4hes 400 akaalaista lasta, nuorta sek\u00e4 aikuista. T\u00e4m\u00e4n toiminnan mahdollistavat niin vapaaehtoiset toimijat kenttien laidoilla kuin kannattajaj\u00e4senet taustalla.&nbsp; Kannattajaj\u00e4senyys maksaa 35\u20ac \/ kalenterivuosi.&nbsp; Kannattajaj\u00e4senyyden maksamalla saat halutessasi seuramme j\u00e4senpostia seuran ajankohtaisista asioista, nimesi tukijoiden listaan sek\u00e4 oman 1m2 nimellisen palan seuran tekonurmikent\u00e4st\u00e4*. Mik\u00e4li haluat tukea meit\u00e4 isommalla summalla tai [&hellip;]<\/p>\n","protected":false},"author":1,"featured_media":0,"parent":0,"menu_order":0,"comment_status":"closed","ping_status":"closed","template":"page-templates\/full-width-page.php","meta":{"ngg_post_thumbnail":0,"footnotes":""},"class_list":["post-1997","page","type-page","status-publish","hentry"],"_links":{"self":[{"href":"https:\/\/www.tp-49.fi\/index.php\/wp-json\/wp\/v2\/pages\/1997","targetHints":{"allow":["GET"]}}],"collection":[{"href":"https:\/\/www.tp-49.fi\/index.php\/wp-json\/wp\/v2\/pages"}],"about":[{"href":"https:\/\/www.tp-49.fi\/index.php\/wp-json\/wp\/v2\/types\/page"}],"author":[{"embeddable":true,"href":"https:\/\/www.tp-49.fi\/index.php\/wp-json\/wp\/v2\/users\/1"}],"replies":[{"embeddable":true,"href":"https:\/\/www.tp-49.fi\/index.php\/wp-json\/wp\/v2\/comments?post=1997"}],"version-history":[{"count":5,"href":"https:\/\/www.tp-49.fi\/index.php\/wp-json\/wp\/v2\/pages\/1997\/revisions"}],"predecessor-version":[{"id":2033,"href":"https:\/\/www.tp-49.fi\/index.php\/wp-json\/wp\/v2\/pages\/1997\/revisions\/2033"}],"wp:attachment":[{"href":"https:\/\/www.tp-49.fi\/index.php\/wp-json\/wp\/v2\/media?parent=1997"}],"curies":[{"name":"wp","href":"https:\/\/api.w.org\/{rel}","templated":true}]}}